(r) = 2*t(r) + 7*x(r). Let n be s(1). Determine p(n).
-6
Let c(i) = i**2 - 6*i - 1. Let k be (-3 - (0 + -5)*1) + 3. Calculate c(k).
-6
Let j(z) = -3*z - 12. Let f(u) = u + 5. Let a(v) = 5*f(v) + 2*j(v). Calculate a(9).
-8
Let s = -10 + 6. Let y(u) = 0*u**2 + 4 + 5*u + 4*u**2 - 3*u**2. Let b be y(s). Let c(j) = -j**3 - j**2 + j - 1. What is c(b)?
-1
Let j = 65 - 46. Let z be (j - 4)*(-2)/(-5). Let l(q) = q - 1. Determine l(z).
5
Let u(d) = -8*d - 9*d + 7*d. Let a(m) = -m - 4. Let x = -14 - -9. Let i be a(x). Calculate u(i).
-10
Let h be (2*(-15)/(-6))/1. Suppose -5*k + 35 = -5*n, -k + h*n = k - 17. Let i(a) = a - 2. Determine i(k).
4
Let u = -46 - -96. Let c be u/8 + 10/(-40). Let h(v) = v + 1. What is h(c)?
7
Let a(v) be the third derivative of v**5/15 + 10*v**2. Give a(1).
4
Let o = 54 + -56. Let a(p) = 2*p + 1. Determine a(o).
-3
Let y be -1*2*20/(-8). Let v = y + -2. Let d = 1 + v. Let g(z) = z**3 - 4*z**2 - 2*z + 4. What is g(d)?
-4
Let l(z) = z**3 + 10*z**2 + 10*z + 7. Let p be l(-9). Let c = 4 + p. Suppose 0 = 5*s + 5*q, -c*q = 3*q. Let b(m) = m**3 - m**2 - 5. Determine b(s).
-5
Suppose 3*a - 4*q - 23 = -0*q, q = -5*a. Let s(z) be the first derivative of 0*z + 2/3*z**3 + 1/2*z**2 + 2. Calculate s(a).
3
Suppose -2*x - 22 = 3*k, 2*x = -0*k + 4*k + 48. Let g(d) = d**3 + 11*d**2 + 10*d. What is g(k)?
0
Let w(s) = s + 15. Let t be w(-14). Let p(m) = -m - 1. Determine p(t).
-2
Suppose -15 = 3*t - 3*o, 26 - 4 = -5*t + 2*o. Let m be 2*2*28/16. Let g(y) = -3*y. Let z(r) = r. Let s(x) = m*z(x) + 2*g(x). Give s(t).
-4
Let y(w) = w**2 - w - 2. Let k = 4 + -1. Calculate y(k).
4
Let k(u) = u**2 - 5*u - 4. Let x be 4/34 - 3/51*-100. What is k(x)?
2
Suppose 0 = 3*b - 3. Let k be ((-2)/5)/(b/10). Let r(q) = q**3 + 3*q**2 - 2*q. Let x(f) = -2*f**3 - 6*f**2 + 3*f - 1. Let i(p) = 7*r(p) + 3*x(p). Give i(k).
1
Let x(c) = -c**2 - 11*c - 9. Let a be x(-10). Let t(g) = -102*g**2 + 0*g - 3*g + 106*g**2 - g**3 + a. Calculate t(3).
1
Let f(k) = -2*k - 2*k**2 - 1 - 2*k**3 - 8*k**3 + 2*k**3 + 2*k**3. Give f(-1).
5
Let o(p) = -p**2 - 5*p. Let q be (21/(-63))/(-1*1/(-15)). Calculate o(q).
0
Suppose k = -k - 28. Let j = k - -9. Let f(t) = -1 + t + 3*t + t**2 - 3. What is f(j)?
1
Let r(l) be the first derivative of 3 - l**3 - 3*l - 3/2*l**2 + 1/4*l**4. Determine r(4).
1
Let p(o) = -o**2 + 2*o. Let m(r) = -r**2 + 2*r - 1. Let w(x) = -2*m(x) + 3*p(x). Calculate w(6).
-22
Let r(q) = -q + 1. Let j(n) = -n**2 + 3*n - 6. Let b(w) = j(w) + 4*r(w). Let c = -7 + 6. Let i be 3/3*-1 - c. Determine b(i).
-2
Let h(n) = -n**3 + n. Let i(y) = -y**3 - 4*y**2 - y - 3. Let z be i(-4). Suppose -d + 3 = z. Calculate h(d).
-6
Let v(s) be the first derivative of s**3/3 - s**2/2 + 2*s + 7. Calculate v(3).
8
Let h(m) = 5*m**2 - 2*m + 1. Let u(t) = 6*t**2 - 2*t + 2. Let z(k) = -3*h(k) + 2*u(k). Give z(-1).
-4
Let n(i) = 0*i**2 + 7*i**2 + 3*i**3 - 2*i**3 - 4 + 3. Give n(-7).
-1
Let q(h) = h**3 - 5*h**2 - 4*h - 3. Let x be q(6). Suppose -7 = 4*c + x. Let w(y) = 0*y**2 - 6*y**3 - 6 + 3 + 5*y**3 - 4*y**2. Determine w(c).
-3
Let a(w) be the second derivative of -w**4/24 - 4*w**3/3 + 3*w**2/2 - 4*w. Let m(b) be the first derivative of a(b). Calculate m(-7).
-1
Let v(f) be the second derivative of f**5/20 + f**4/2 - 4*f**3/3 - 7*f**2/2 + 2*f - 2. Calculate v(-7).
0
Let x(m) be the second derivative of -m**8/6720 - m**7/504 - m**6/180 - m**5/30 - m**4/4 + m. Let c(r) be the third derivative of x(r). Give c(-4).
-4
Let i(y) = y**2 - 5*y + 4. Let m(s) = -2*s + 17. Let w be m(7). What is i(w)?
-2
Let o = 9 - 5. Let h(l) = -8*l + 5. Let m(v) = 7*v - 5. Let f(j) = 5*h(j) + 6*m(j). Calculate f(o).
3
Let f(k) be the first derivative of k**3/3 + 3*k**2/2 + 3*k - 9. What is f(-2)?
1
Let r = -1 - -3. Suppose -d + u + 1 = 0, -d - 2*d + u + 5 = 0. Let q(w) = -7 - 2*w**r + 6*w + w + w**d. Determine q(5).
3
Let c = -7 + 4. Let f = c + 5. Let n(b) = b**3 + 5*b - 4*b - 4*b**2 + 2*b**2 - 2. Give n(f).
0
Let k(n) = -2*n**2 - n + 1. Let u(c) = 7*c**2 + 6*c - 4. Let z(g) = 3*k(g) + u(g). Determine z(-4).
3
Let b(o) be the second derivative of -o**4/6 + 2*o**3/3 - o**2 + 12*o. Suppose 3*p - 8 - 1 = 0. Calculate b(p).
-8
Let v be 10/1*3/5. Let b be v/9 + 4/3. Let f(m) = -2*m + 1. What is f(b)?
-3
Let f(l) = 14*l**3 - 23*l**2 + 26*l - 20. Let b(q) = 5*q**3 - 8*q**2 + 9*q - 7. Let c(s) = -17*b(s) + 6*f(s). Give c(-3).
-1
Let n(m) = -m**2 - 6*m - 3. Let y = 10 + 4. Suppose -j - j = -y. Suppose -2*u + 25 = -j*u. Determine n(u).
2
Let z(c) = -c**2 - 6*c - 1. Suppose -9*m = -3*m + 36. Give z(m).
-1
Let i(g) = -5*g + 3. Suppose 2*d + 3*t = 2*t, 2*d + 5*t = -16. What is i(d)?
-7
Let h be 54/18 + 0/(-1). Let r(z) be the third derivative of z**4/8 - z**3/2 + z**2. Determine r(h).
6
Let g be -1 - (-1 - -2)/(-1). Let z(b) = -b - 1. Let j be z(g). Let i(f) be the second derivative of 5*f**4/12 + 5*f. Determine i(j).
5
Let v(a) = -4 + 4*a**2 - 7*a**3 - 5*a**2 - 2*a**2 - 2*a + 8*a**3. Determine v(3).
-10
Let u = 22 + -31. Let h(l) = -l - 11. Let q be h(u). Let i(s) = -6*s - 3. What is i(q)?
9
Let q(j) = 4*j + 3. Suppose -1 + 4 = i. Calculate q(i).
15
Let k(j) = -2*j**3. Let r be k(-1). Suppose -2*l - 4*x + 4 = -3*l, 3 = r*l + 3*x. Let z(m) = m**3 - 2. What is z(l)?
-2
Suppose -4*f = -6*f + 4. Suppose 0 = -b - f + 1. Let n(r) = -r**2 - r - 1. Determine n(b).
-1
Suppose 0 = 2*n - 5*z - 5, -3*z = -n + 5*n + 3. Let r(q) = q**3 - q**2 + q - 7. Determine r(n).
-7
Suppose -32 = -4*a - 4*j, 2*a - j + 2 = a. Let k(w) = w**3 - 3*w**2 + 6. Let m be k(3). Let p(n) = -3*n**2 + 3*n**2 + a + m*n + n**2. Calculate p(-6).
3
Let s(t) be the first derivative of t**2 - 6*t + 16. Determine s(4).
2
Let u(i) = -i - 4. Let d = 16 - 27. Let k be u(d). Let v(l) = 2*l - 8. Determine v(k).
6
Let o(i) = -2*i + 2. Suppose 5*a - 10 = 20. Let v = a + 0. Give o(v).
-10
Let g = 14/99 - 247/1980. Let q(c) be the third derivative of -g*c**5 - 1/6*c**4 + 0*c - 2*c**2 + 0 + 1/2*c**3. Determine q(-4).
3
Let l(y) = 2*y + 2. Let i be (0 + (0 - 0))*-1. Suppose 0 = 3*x - i*x. Suppose 5*w + 20 = 0, -2*a + 26 = -5*w - x*w. What is l(a)?
8
Let p(t) = -t**2 + t - 1. Let b = -12 - -14. Let r = -4 + 4. Suppose -5*a + b*a = r. Calculate p(a).
-1
Let w(h) = -5*h + 0*h**3 + 3*h + h**3 + 3*h**2. Suppose 3*u - n + 9 + 5 = 0, -3*n + 15 = 0. What is w(u)?
6
Let d(i) = -3*i + 0*i + 5*i - 2*i**2. Let z be d(2). Let t(c) be the first derivative of -c**4/4 - 5*c**3/3 - 3*c**2/2 + 4*c - 2. Give t(z).
0
Let y(a) be the first derivative of 3 - 4*a + 0*a**2 + 1/3*a**3. Let r(i) = -i**3 - 5*i**2 + 6*i. Let q be r(-6). Determine y(q).
-4
Let d(r) be the first derivative of r**5/20 - 7*r**4/12 + r**3 - 5*r**2/2 + r - 8. Let a(u) be the first derivative of d(u). Determine a(6).
-5
Let o(t) be the second derivative of t**8/960 + t**7/2520 + t**4/12 - 2*t. Let p(j) be the third derivative of o(j). Let w be 4/3 - 2/6. Give p(w).
8
Let q(v) = -3*v. Let b be 3 - (0 - 4/2). Suppose -16 = -b*o - 1. Calculate q(o).
-9
Let b(z) = -z - 2. Let j(c) = c**3 - c + 1. Let o be j(2). Let u = 0 - o. Let w be b(u). Let v(s) = s**3 - 5*s**2 - s + 5. Determine v(w).
0
Let h(b) = -3 + 0 - 2*b + 0. Let o be h(-4). Let p(z) = o*z - 6*z + 8 - 4. Calculate p(3).
1
Suppose 3*u + 5*a - 1 = 0, 6 = 5*u + 5*a + 1. Let z = -6 - -8. Let t(o) = 1 + o**3 - 1 - z*o**2 - o. What is t(u)?
-2
Let o(u) be the first derivative of 3/2*u**2 + 5/3*u**3 + 1/4*u**4 - 4*u - 1. Let v(n) = -n + 4. Let z be v(8). Determine o(z).
0
Let b(j) be the second derivative of 0*j**2 + j + 1/6*j**3 + 0 + 3/5*j**5 - 1/12*j**4. What is b(1)?
12
Suppose -w + 14 + 10 = 4*u, 0 = -4*w + 4*u - 4. Suppose -5*t - 8 = -3*q + 3, -t - 11 = -5*q. Suppose q*y = w*y - 2. Let z(f) = 2*f**2 - 1. Calculate z(y).
1
Let f(q) = 2*q - 3. Let s be f(4). Let i(h) = h**3 - 6*h**2 - 3*h - 6. Let o(c) = c**3 - 6*c**2 - 2*c - 7. Let z(t) = s*i(t) - 4*o(t). Give z(7).
-2
Let z(s) = -3*s - 11. Let m be z(-5). Suppose -m*q = -q - 12. Let d(k) = k**3 - 4*k**2 - k. Determine d(q).
-4
Let p(f) = -f**3 - 2*f**2 + 2*f + 4. Suppose 0*y - 75 = -5*y. Let i = y - 11. Let c(l) = l**3 - 5*l**2 + 3*l + 1. Let j be c(i). Determine p(j).
7
Let q(t) be the second derivative of -t**5/20 + 2*t**4/3 - 7*t**3/6 - t**2/2 + 21*t. Let u = -6 + 13. Calculate q(u).
-1
Suppose -4*k = -2*z - 0*z - 10, 17 = -4*z + 